
What is the highest common factor of 88 and 1628?
44
What is the greatest common factor of 511 and 21?
7
What is the highest common factor of 208 and 156?
52
What is the greatest common factor of 40 and 5?
5
What is the highest common factor of 5513 and 148?
37
Calculate the highest common divisor of 16 and 16.
16
Calculate the highest common factor of 564 and 24.
12
Calculate the greatest common divisor of 261 and 957.
87
What is the highest common factor of 60 and 15?
15
Calculate the greatest common factor of 900 and 252.
36
What is the highest common divisor of 528 and 121?
11
What is the greatest common divisor of 2470 and 390?
130
Calculate the highest common factor of 5 and 55.
5
Calculate the highest common factor of 171 and 18.
9
Calculate the greatest common factor of 5190 and 480.
30
What is the highest common factor of 176 and 3916?
44
Calculate the highest common factor of 336 and 280.
56
What is the highest common factor of 18 and 12438?
18
What is the greatest common divisor of 250 and 10?
10
Calculate the highest common factor of 180 and 2124.
36
What is the highest common divisor of 94 and 235?
47
What is the highest common divisor of 77 and 203?
7
Calculate the greatest common factor of 161 and 7.
7
Calculate the greatest common factor of 14616 and 54.
18
What is the highest common factor of 2946 and 12?
6
What is the greatest common factor of 215 and 43?
43
What is the greatest common factor of 240 and 90?
30
Calculate the greatest common factor of 71 and 71.
71
What is the highest common divisor of 484 and 8404?
44
Calculate the highest common divisor of 1616 and 16.
16
Calculate the highest common factor of 720 and 2655.
45
What is the highest common factor of 819 and 364?
91
Calculate the highest common divisor of 3031 and 14.
7
What is the greatest common factor of 4 and 116?
4
Calculate the greatest common factor of 357 and 217.
7
Calculate the greatest common factor of 209 and 114.
19
Calculate the greatest common factor of 150 and 50.
50
What is the greatest common factor of 120 and 80?
40
Calculate the highest common divisor of 31 and 19468.
31
Calculate the greatest common divisor of 144 and 120.
24
What is the highest common divisor of 5 and 20?
5
What is the highest common divisor of 250 and 7375?
125
What is the highest common divisor of 56 and 45304?
56
What is the highest common factor of 95 and 608?
19
What is the highest common factor of 135 and 820?
5
Calculate the highest common factor of 884 and 187.
17
What is the greatest common divisor of 5496 and 40?
8
What is the greatest common divisor of 5556 and 12?
12
Calculate the greatest common divisor of 270 and 80.
10
What is the greatest common divisor of 7 and 28973?
7
Calculate the highest common factor of 1274 and 26.
26
What is the highest common factor of 192 and 6?
6
Calculate the highest common factor of 2996 and 28.
28
What is the greatest common divisor of 3374 and 56?
14
Calculate the highest common factor of 248 and 10819.
31
What is the highest common factor of 209 and 76?
19
What is the highest common factor of 40 and 64?
8
Calculate the greatest common divisor of 6824 and 8.
8
Calculate the greatest common factor of 144 and 486.
18
What is the highest common factor of 649 and 88?
11
Calculate the highest common factor of 28 and 3374.
14
What is the highest common divisor of 78 and 12675?
39
Calculate the highest common divisor of 3 and 309.
3
Calculate the highest common divisor of 88 and 376.
8
Calculate the highest common divisor of 726 and 22.
22
What is the greatest common factor of 22824 and 72?
72
Calculate the greatest common factor of 34 and 8.
2
Calculate the greatest common divisor of 45 and 2475.
45
What is the highest common divisor of 124688 and 16?
16
Calculate the greatest common divisor of 48 and 208.
16
Calculate the highest common factor of 110 and 20.
10
What is the greatest common factor of 493 and 51?
17
What is the highest common factor of 3 and 2319?
3
What is the greatest common divisor of 6137 and 136?
17
What is the greatest common divisor of 162 and 1098?
18
Calculate the highest common factor of 357 and 3808.
119
Calculate the highest common factor of 175 and 14.
7
Calculate the greatest common divisor of 45 and 4365.
45
Calculate the greatest common factor of 1325 and 50.
25
What is the highest common factor of 74 and 28046?
74
Calculate the greatest common factor of 91 and 84.
7
What is the greatest common divisor of 779 and 41?
41
What is the greatest common divisor of 24 and 232?
8
What is the greatest common divisor of 272 and 527?
17
Calculate the highest common factor of 270 and 45090.
270
What is the greatest common divisor of 68 and 272?
68
What is the greatest common divisor of 6278 and 172?
86
Calculate the highest common divisor of 65 and 585.
65
Calculate the greatest common divisor of 143 and 1496.
11
Calculate the greatest common divisor of 1739 and 333.
37
Calculate the highest common divisor of 425 and 3655.
85
What is the highest common divisor of 256 and 32?
32
What is the greatest common divisor of 296 and 2442?
74
What is the greatest common factor of 518 and 148?
74
Calculate the highest common divisor of 186 and 1953.
93
Calculate the greatest common divisor of 108 and 10.
2
What is the highest common factor of 45 and 5775?
15
Calculate the greatest common divisor of 30 and 6680.
10
What is the highest common divisor of 351 and 2171?
13
What is the greatest common factor of 1333 and 310?
31
Calculate the greatest common divisor of 33 and 3.
3
What is the highest common factor of 420 and 252?
84
What is the highest common factor of 25 and 995?
5
What is the greatest common divisor of 177 and 236?
59
What is the highest common factor of 548 and 10?
2
Calculate the greatest common divisor of 183 and 1952.
61
What is the greatest common factor of 54 and 7704?
18
What is the highest common divisor of 3611 and 161?
23
What is the greatest common factor of 624 and 741?
39
Calculate the greatest common factor of 10 and 290.
10
What is the highest common divisor of 14 and 2?
2
Calculate the highest common factor of 27120 and 960.
240
Calculate the greatest common divisor of 122 and 10919.
61
Calculate the greatest common factor of 8 and 10.
2
What is the greatest common divisor of 153 and 102?
51
What is the highest common factor of 222 and 6290?
74
Calculate the greatest common divisor of 924 and 480.
12
Calculate the highest common factor of 144 and 162.
18
What is the highest common divisor of 384 and 6?
6
What is the highest common divisor of 2 and 6?
2
What is the greatest common factor of 30 and 135?
15
Calculate the greatest common divisor of 18 and 36.
18
What is the greatest common divisor of 90 and 1152?
18
What is the highest common factor of 825 and 1350?
75
What is the greatest common factor of 207 and 23?
23
Calculate the greatest common divisor of 7636 and 83.
83
What is the greatest common divisor of 148 and 8?
4
What is the greatest common factor of 624 and 92?
4
Calculate the highest common factor of 912 and 112.
16
What is the greatest common factor of 15 and 120?
15
What is the highest common factor of 115 and 5014?
23
What is the greatest common divisor of 99 and 9?
9
What is the highest common factor of 37 and 481?
37
Calculate the greatest common divisor of 16 and 208.
16
What is the greatest common divisor of 469 and 91?
7
Calculate the greatest common factor of 16 and 1552.
16
What is the highest common divisor of 44 and 2090?
22
What is the highest common factor of 39765 and 33?
33
Calculate the highest common factor of 2172 and 32.
4
What is the highest common factor of 106 and 4?
2
What is the greatest common divisor of 11 and 227?
1
Calculate the greatest common divisor of 84 and 384.
12
What is the greatest common divisor of 91 and 156?
13
Calculate the greatest common divisor of 51 and 1054.
17
Calculate the greatest common divisor of 1506 and 6.
6
Calculate the greatest common factor of 273 and 231.
21
What is the greatest common divisor of 297 and 432?
27
Calculate the greatest common divisor of 9 and 16641.
9
What is the greatest common factor of 81 and 405?
81
Calculate the greatest common divisor of 5 and 7775.
5
Calculate the greatest common divisor of 1100 and